{"id":755,"date":"2017-05-10T08:39:12","date_gmt":"2017-05-10T08:39:12","guid":{"rendered":"http:\/\/www.academiadehomeopatia.es\/index.php\/miembros\/"},"modified":"2020-12-18T10:50:01","modified_gmt":"2020-12-18T10:50:01","slug":"miembros","status":"publish","type":"page","link":"https:\/\/www.academiadehomeopatia.es\/index.php\/conocenos\/consultorio-medico\/miembros\/","title":{"rendered":"Miembros"},"content":{"rendered":"<h6 align=\"justify\"><font color=\"#141412\"><font face=\"Liberation Serif, serif\"><font size=\"3\">Dr. Jos\u00e9 Eugenio L\u00f3pez Garc\u00eda.<\/font><\/font><\/font><\/h6>\n<p><font color=\"#141412\"><font face=\"Liberation Serif, serif\"><font size=\"3\">Es Licenciado en Medicina por la Universidad de Oviedo.<\/font><\/font><\/font><\/p>\n<p><font color=\"#141412\"><font face=\"Liberation Serif, serif\"><font size=\"3\">M\u00e1ster Universitario en Homeopat\u00eda por la Universidad de Sevilla.<\/font><\/font><\/font><\/p>\n<p><font color=\"#141412\"><font face=\"Liberation Serif, serif\"><font size=\"3\">Presidente de la Academia de Homeopat\u00eda.\u00a0<\/font><\/font><\/font><\/p>\n<p>&nbsp;<\/p>\n<p><b><font face=\"Liberation Serif, serif\"><font color=\"#141412\"><font size=\"3\">Dr. Francisco Javier Ramos Alija. <\/font><\/font><\/font><\/b><\/p>\n<p><font color=\"#141412\"><font face=\"Liberation Serif, serif\"><font size=\"3\">Es Licenciado en Medicina por la Universidad de Granada.<\/font><\/font><\/font><\/p>\n<p><font color=\"#141412\"><font face=\"Liberation Serif, serif\"><font size=\"3\">M\u00e1ster Universitario en Homeopat\u00eda por la Universidad de Sevilla.<\/font><\/font><\/font><\/p>\n<p><font color=\"#141412\"><font face=\"Liberation Serif, serif\"><font size=\"3\">Vicepresidente de la Academia de Homeopat\u00eda.<\/font><\/font><\/font><\/p>\n<p>&nbsp;<\/p>\n<p><b><font face=\"Liberation Serif, serif\">Dra. Sonia Alonso S\u00e1nchez<\/font><\/b><\/p>\n<p><font color=\"#141412\"><font face=\"Liberation Serif, serif\"><font size=\"3\">Es Licenciada en Medicina por la Universidad de Alicante.<\/font><\/font><\/font><\/p>\n<p><font color=\"#141412\"><font face=\"Liberation Serif, serif\"><font size=\"3\">M\u00e1ster Universitario en Homeopat\u00eda por la Universidad de Murcia.<\/font><\/font><\/font><\/p>\n<p><font color=\"#141412\"><font face=\"Liberation Serif, serif\"><font size=\"3\">Tesorera de la Academia de Homeopat\u00eda.<\/font><\/font><\/font><\/p>\n<p>&nbsp;<\/p>\n<p><b><font face=\"Liberation Serif, serif\">Dr. Pedro Lu\u00eds Rocamora Jover<\/font><\/b><\/p>\n<p><font color=\"#141412\"><font face=\"Source Sans Pro, Helvetica, sans-serif\"><font size=\"3\">Dr. Pedro Lu\u00eds Rocamora Jover es M\u00e9dico Home\u00f3pata. <\/font><\/font><\/font><\/p>\n<p><font color=\"#141412\"><font face=\"Source Sans Pro, Helvetica, sans-serif\"><font size=\"3\">Es Licenciado en Medicina por la Universidad de Alicante. <\/font><\/font><\/font><\/p>\n<p><font color=\"#141412\"><font face=\"Source Sans Pro, Helvetica, sans-serif\"><font size=\"3\">M\u00e1ster Universitario en Homeopat\u00eda por la AMHB. Vocal de la Academia de Homeopat\u00eda.<\/font><\/font><\/font><\/p>\n<p>&nbsp;<\/p>\n<p><b><font face=\"Liberation Serif, serif\">Dra. Alicia Falag\u00e1n Seco<\/font><\/b><\/p>\n<p><font color=\"#141412\"><font face=\"Source Sans Pro, Helvetica, sans-serif\"><font size=\"3\">Es Licenciada en Medicina por la Universidad de Valladolid.<\/font><\/font><\/font><\/p>\n<p><font color=\"#141412\"><font face=\"Source Sans Pro, Helvetica, sans-serif\"><font size=\"3\">M\u00e1ster Universitario en Homeopat\u00eda por la Universidad de Sevilla.<\/font><\/font><\/font><\/p>\n<p><font color=\"#141412\"><font face=\"Source Sans Pro, Helvetica, sans-serif\"><font size=\"3\">Secretaria de la Academia de Homeopat\u00eda.<\/font><\/font><\/font><\/p>\n<p>&nbsp;<\/p>\n<h6><b><font face=\"Liberation Serif, serif\">Dra. Adelina D\u00edaz Fern\u00e1ndez<\/font><\/b><\/h6>\n<p><font color=\"#141412\"><font face=\"Source Sans Pro, Helvetica, sans-serif\"><font size=\"3\">Es Licenciada en Medicina por la Universidad de Oviedo.<\/font><\/font><\/font><\/p>\n<p><font color=\"#141412\"><font face=\"Source Sans Pro, Helvetica, sans-serif\"><font size=\"3\">M\u00e1ster Universitario en Homeopat\u00eda por la Universidad de Sevilla.<\/font><\/font><\/font><\/p>\n<p><font color=\"#141412\"><font face=\"Source Sans Pro, Helvetica, sans-serif\"><font size=\"3\">Vocal de la Academia de Homeopat\u00eda.<\/font><\/font><\/font><\/p>\n<p>&nbsp;<\/p>\n<h6><b>Dr. Joan Manel Marin<\/b><\/h6>\n<p>Licenciado en Medicina por la Universidad de Barcelona<\/p>\n<p>Postgrado en Homeopat\u00eda<\/p>\n<p>&nbsp;<\/p>\n<h6><b><font color=\"#141412\"><font face=\"Source Sans Pro, Helvetica, sans-serif\"><font size=\"3\">Dr. Ricardo B\u00e1rcena G\u00f3mez <\/font><\/font><\/font><\/b>\u2020<\/h6>\n<p><font color=\"#141412\"><font face=\"Source Sans Pro, Helvetica, sans-serif\"><font size=\"3\">Licenciado en Medicina y Cirug\u00eda por la Universidad de Sevilla.<\/font><\/font><\/font><\/p>\n<p><font color=\"#141412\"><font face=\"Source Sans Pro, Helvetica, sans-serif\"><font size=\"3\">M\u00e1ster Universitario en Homeopat\u00eda por la Universidad de Sevilla.<\/font><\/font><\/font><\/p>\n<p>&nbsp;<\/p>\n<p>&nbsp;<\/p>\n<p>&nbsp;<\/p>\n<p>&nbsp;<\/p>\n","protected":false},"excerpt":{"rendered":"<p>Dr. Jos\u00e9 Eugenio L\u00f3pez Garc\u00eda. Es Licenciado en Medicina por la Universidad de Oviedo. M\u00e1ster Universitario en Homeopat\u00eda por la Universidad de Sevilla. Presidente de la Academia de Homeopat\u00eda.\u00a0 &nbsp; Dr. Francisco Javier Ramos Alija. Es Licenciado en Medicina por la Universidad de Granada. M\u00e1ster Universitario en Homeopat\u00eda por la Universidad de Sevilla. Vicepresidente de &hellip; <a href=\"https:\/\/www.academiadehomeopatia.es\/index.php\/conocenos\/consultorio-medico\/miembros\/\" class=\"more-link\">Sigue leyendo <span class=\"screen-reader-text\">Miembros<\/span> <span class=\"meta-nav\">&rarr;<\/span><\/a><\/p>\n","protected":false},"author":1,"featured_media":0,"parent":45,"menu_order":10,"comment_status":"closed","ping_status":"closed","template":"","meta":{"spay_email":""},"jetpack_sharing_enabled":true,"jetpack_shortlink":"https:\/\/wp.me\/P9FoSk-cb","_links":{"self":[{"href":"https:\/\/www.academiadehomeopatia.es\/index.php\/wp-json\/wp\/v2\/pages\/755"}],"collection":[{"href":"https:\/\/www.academiadehomeopatia.es\/index.php\/wp-json\/wp\/v2\/pages"}],"about":[{"href":"https:\/\/www.academiadehomeopatia.es\/index.php\/wp-json\/wp\/v2\/types\/page"}],"author":[{"embeddable":true,"href":"https:\/\/www.academiadehomeopatia.es\/index.php\/wp-json\/wp\/v2\/users\/1"}],"replies":[{"embeddable":true,"href":"https:\/\/www.academiadehomeopatia.es\/index.php\/wp-json\/wp\/v2\/comments?post=755"}],"version-history":[{"count":6,"href":"https:\/\/www.academiadehomeopatia.es\/index.php\/wp-json\/wp\/v2\/pages\/755\/revisions"}],"predecessor-version":[{"id":1589,"href":"https:\/\/www.academiadehomeopatia.es\/index.php\/wp-json\/wp\/v2\/pages\/755\/revisions\/1589"}],"up":[{"embeddable":true,"href":"https:\/\/www.academiadehomeopatia.es\/index.php\/wp-json\/wp\/v2\/pages\/45"}],"wp:attachment":[{"href":"https:\/\/www.academiadehomeopatia.es\/index.php\/wp-json\/wp\/v2\/media?parent=755"}],"curies":[{"name":"wp","href":"https:\/\/api.w.org\/{rel}","templated":true}]}}