{"id":43,"date":"2016-06-02T15:28:16","date_gmt":"2016-06-02T15:28:16","guid":{"rendered":"http:\/\/www.academiadehomeopatia.es\/?page_id=43"},"modified":"2025-02-28T10:42:57","modified_gmt":"2025-02-28T10:42:57","slug":"noticias","status":"publish","type":"page","link":"http:\/\/www.academiadehomeopatia.es\/index.php\/noticias\/","title":{"rendered":"Noticias"},"content":{"rendered":"<h5 style=\"text-align: justify;\">\u00a0<a href=\"http:\/\/www.academiadehomeopatia.es\/index.php\/noticias\/boletin-de-noticias\/\"><img loading=\"lazy\" class=\"alignnone size-full wp-image-328\" src=\"http:\/\/www.academiadehomeopatia.es\/wp-content\/uploads\/2016\/08\/Noticias.jpeg\" alt=\"Noticias\" width=\"289\" height=\"174\" srcset=\"http:\/\/www.academiadehomeopatia.es\/wp-content\/uploads\/2016\/08\/Noticias.jpeg 289w, http:\/\/www.academiadehomeopatia.es\/wp-content\/uploads\/2016\/08\/Noticias-24x14.jpeg 24w, http:\/\/www.academiadehomeopatia.es\/wp-content\/uploads\/2016\/08\/Noticias-36x22.jpeg 36w, http:\/\/www.academiadehomeopatia.es\/wp-content\/uploads\/2016\/08\/Noticias-48x29.jpeg 48w\" sizes=\"(max-width: 289px) 100vw, 289px\" \/><\/a><a href=\"http:\/\/www.academiadehomeopatia.es\/wp-content\/uploads\/2016\/06\/AGENDA-DE-LA-ACADEMIA-DE-HOMEOPAT\u00cd2-3.pdf\" target=\"_blank\" rel=\"noopener noreferrer\"><img loading=\"lazy\" class=\"alignnone wp-image-1099 size-full\" src=\"http:\/\/www.academiadehomeopatia.es\/wp-content\/uploads\/2016\/06\/Agenda.jpg\" alt=\"\" width=\"272\" height=\"185\" \/><\/a><\/h5>\r\n<h2><a href=\"http:\/\/www.academiadehomeopatia.es\/wp-content\/uploads\/2025\/02\/Folleto-Benidorm-2.pdf\">\u00a0 \u00a0 \u00a0 \u00a0 Seminario en Benidorm: Potencias LM<\/a>\u00a0 \u00a0 \u00a0 \u00a0 \u00a0 <a href=\"http:\/\/www.academiadehomeopatia.es\/wp-content\/uploads\/2025\/02\/Folleto-Benidorm-2.pdf\"><img loading=\"lazy\" class=\"wp-image-1985 aligncenter\" src=\"http:\/\/www.academiadehomeopatia.es\/wp-content\/uploads\/2025\/02\/Folleto-Benidorm-212x300.jpg\" alt=\"\" width=\"317\" height=\"449\" srcset=\"http:\/\/www.academiadehomeopatia.es\/wp-content\/uploads\/2025\/02\/Folleto-Benidorm-212x300.jpg 212w, http:\/\/www.academiadehomeopatia.es\/wp-content\/uploads\/2025\/02\/Folleto-Benidorm-724x1024.jpg 724w, http:\/\/www.academiadehomeopatia.es\/wp-content\/uploads\/2025\/02\/Folleto-Benidorm-768x1086.jpg 768w, http:\/\/www.academiadehomeopatia.es\/wp-content\/uploads\/2025\/02\/Folleto-Benidorm-300x424.jpg 300w, http:\/\/www.academiadehomeopatia.es\/wp-content\/uploads\/2025\/02\/Folleto-Benidorm.jpg 794w\" sizes=\"(max-width: 317px) 100vw, 317px\" \/><\/a>\u00a0 \u00a0 \u00a0 \u00a0 \u00a0 \u00a0 \u00a0 \u00a0 \u00a0 \u00a0 \u00a0 \u00a0 \u00a0 \u00a0 \u00a0 \u00a0 \u00a0 \u00a0 \u00a0 \u00a0 \u00a0<\/h2>\r\n<h4 style=\"text-align: justify;\">\u00a0 \u00a0 \u00a0 \u00a0 \u00a0 \u00a0 \u00a0 \u00a0 \u00a0 \u00a0 \u00a0 \u00a0 \u00a0 \u00a0 \u00a0 \u00a0 \u00a0 \u00a0 \u00a0 \u00a0 \u00a0 \u00a0 \u00a0 \u00a0 \u00a0 \u00a0 \u00a0<font color=\"#0000FF\">Seminario Potencias LM<\/font><a href=\"http:\/\/www.academiadehomeopatia.es\/wp-content\/uploads\/2024\/01\/Folleto-Benidorm-1.pdf\" target=\"_blank\" rel=\"noopener noreferrer\"><img loading=\"lazy\" class=\"size-medium wp-image-1790 aligncenter\" src=\"http:\/\/www.academiadehomeopatia.es\/wp-content\/uploads\/2024\/01\/Seminario-Benidorm-207x300.png\" alt=\"\" width=\"207\" height=\"300\" srcset=\"http:\/\/www.academiadehomeopatia.es\/wp-content\/uploads\/2024\/01\/Seminario-Benidorm-207x300.png 207w, http:\/\/www.academiadehomeopatia.es\/wp-content\/uploads\/2024\/01\/Seminario-Benidorm-300x434.png 300w, http:\/\/www.academiadehomeopatia.es\/wp-content\/uploads\/2024\/01\/Seminario-Benidorm.png 538w\" sizes=\"(max-width: 207px) 100vw, 207px\" \/><\/a><\/h4>\r\n<h3 style=\"text-align: justify;\">\u00a0 \u00a0 \u00a0 \u00a0 \u00a0 \u00a0 \u00a0 \u00a0 \u00a0 \u00a0 \u00a0 \u00a0 \u00a0 \u00a0 \u00a0 \u00a0 \u00a0<font color=\"#0000FF\">Benidorm 26 y 27 de abril de 2024<\/font><\/h3>\r\n<div style=\"width: 604px;\" class=\"wp-video\"><!--[if lt IE 9]><script>document.createElement('video');<\/script><![endif]-->\n<video class=\"wp-video-shortcode\" id=\"video-43-1\" width=\"604\" height=\"342\" preload=\"metadata\" controls=\"controls\"><source type=\"video\/mp4\" src=\"http:\/\/www.academiadehomeopatia.es\/wp-content\/uploads\/2024\/03\/WhatsApp-Video-2024-03-10-at-15.28.17.mp4?_=1\" \/><a href=\"http:\/\/www.academiadehomeopatia.es\/wp-content\/uploads\/2024\/03\/WhatsApp-Video-2024-03-10-at-15.28.17.mp4\">http:\/\/www.academiadehomeopatia.es\/wp-content\/uploads\/2024\/03\/WhatsApp-Video-2024-03-10-at-15.28.17.mp4<\/a><\/video><\/div>\r\n<h6>Os recordamos que el 26 y el 27 de abril tenemos una cita en Benidorm. En el seminario sobre potencias LM se presentar\u00e1n numerosos casos cl\u00ednicos curados con Homeopat\u00eda.<br \/>Se presentar\u00e1 el libro: Potencias LM. La b\u00fasqueda de la perfecci\u00f3n.<br \/>Los pacientes pueden asistir de forma presencial. Siempre hasta completarse el aforo.<\/h6>\r\n<p><a href=\"https:\/\/www.dailymotion.com\/video\/x81bw0n\" target=\"_blank\" rel=\"noopener noreferrer\">https:\/\/www.dailymotion.com\/video\/x81bw0n<\/a><\/p>\r\n<div class=\"\" data-block=\"true\" data-editor=\"6enlg\" data-offset-key=\"82i4l-0-0\">\r\n<div class=\"_1mf _1mj\" data-offset-key=\"82i4l-0-0\"><span data-offset-key=\"82i4l-0-0\">Nace \u00abEncuentros en la Academia\u00bb un programa de Homeopat\u00eda para cuantos quieran compartir con nosotros sus experiencias. Hoy con d\u00f1a. Niurka Meneses, a prop\u00f3sito de su fant\u00e1stico art\u00edculo recientemente publicado en Cuadernos de Homeopat\u00eda y que tan amplia e intensa repercusi\u00f3n internacional est\u00e1 teniendo&#8230; Nos planteamos si existe un antes y un despu\u00e9s para nuestra ciencia&#8230; Eso plantean numerosos investigadores. Animamos a todos a escuchar a Niurka, lo merece y tambi\u00e9n os sorprender\u00e1&#8230;<\/span><\/div>\r\n<\/div>\r\n<div class=\"\" data-block=\"true\" data-editor=\"6enlg\" data-offset-key=\"59ieh-0-0\">\r\n<div class=\"_1mf _1mj\" data-offset-key=\"59ieh-0-0\"><span data-offset-key=\"59ieh-0-0\">Para acceder al video ten\u00e9is que a\u00f1adir la siguiente contrase\u00f1a: Academia de Homeopat\u00eda<\/span><\/div>\r\n<\/div>\r\n<h3 class=\"post-title entry-title\" align=\"center\"><a href=\"https:\/\/homeopatiaengranulos.blogspot.com\/2020\/03\/carta-abierta-amigos-companeros-y.html\" target=\"_blank\" rel=\"noopener noreferrer\">Carta abierta a amigos, compa\u00f1eros y pacientes ante la epidemia que nos asola<\/a><\/h3>\r\n<div class=\"post-header\">\u00a0<\/div>\r\n<h5 style=\"text-align: center;\"><a href=\"http:\/\/www.academiadehomeopatia.es\/wp-content\/uploads\/2016\/06\/AGENDA-DE-LA-ACADEMIA-DE-HOMEOPAT\u00cd2-3.pdf\" target=\"_blank\" rel=\"noopener noreferrer\">AGENDA DE\u00a0LA ACADEMIA DE HOMEOPAT\u00cdA<\/a><\/h5>\r\n<h4 align=\"center\">\u00a0<\/h4>\r\n<h4 align=\"center\"><a href=\"https:\/\/www.paraemocionarte.com\/tienda\/\" target=\"_blank\" rel=\"noopener noreferrer\"><font color=\"#339966\">Nuevo N\u00famero de Cuadernos de Homeopat\u00eda<\/font><\/a><\/h4>\r\n<p><a href=\"http:\/\/www.paraemocionarte.com\/tienda\/\" target=\"_blank\" rel=\"noopener noreferrer\"><img loading=\"lazy\" class=\"size-medium wp-image-1512 aligncenter\" src=\"http:\/\/www.academiadehomeopatia.es\/wp-content\/uploads\/2018\/02\/cuadernos-10-213x300.jpg\" alt=\"\" width=\"213\" height=\"300\" srcset=\"http:\/\/www.academiadehomeopatia.es\/wp-content\/uploads\/2018\/02\/cuadernos-10-213x300.jpg 213w, http:\/\/www.academiadehomeopatia.es\/wp-content\/uploads\/2018\/02\/cuadernos-10-300x423.jpg 300w, http:\/\/www.academiadehomeopatia.es\/wp-content\/uploads\/2018\/02\/cuadernos-10.jpg 542w\" sizes=\"(max-width: 213px) 100vw, 213px\" \/><\/a><\/p>\r\n<p>&nbsp;<\/p>\r\n<div><font size=\"4\">Queridos\/as amigos\/as:<\/font><\/div>\r\n<div><font size=\"4\">\u00a0<\/font><\/div>\r\n<div><font size=\"4\">La Fundaci\u00f3n Mexicana de Homeopat\u00eda, Antonio Contreras Silva, S.C., public\u00f3 el d\u00eda 1 de marzo de 2016, en facebook, la grabaci\u00f3n de una conferencia del maestro mexicano Proceso S\u00e1nchez Ortega, que ha vuelto a ser publicada ahora en el Grupo de Estudio de Homeopat\u00eda. Ha causado en m\u00ed profundos sentimientos de gratitud, poder ver y escuchar, tras tantos a\u00f1os, al maestro Proceso. Recuerdo que cuando entraba en el aula, captaba inmediatamente la atenci\u00f3n de todos los presentes. Sus palabras transmit\u00edan una gran sabidur\u00eda. Todos le llam\u00e1bamos maestro, y, es verdad, lo era, un verdadero maestro en nuestro noble arte de curar. Podemos observar como en un momento de su conferencia entra y se sienta a su derecha, el otro gran maestro de la Homeopat\u00eda de Am\u00e9rica, el Dr. Tom\u00e1s Pablo Paschero.<\/font><\/div>\r\n<div><font size=\"4\">\u00a0<\/font><\/div>\r\n<div><font size=\"4\">He cre\u00eddo conveniente compartir con todos\/as esta hist\u00f3rica grabaci\u00f3n.\u00a0<\/font><\/div>\r\n<p><iframe style=\"border: none; overflow: hidden;\" src=\"https:\/\/www.facebook.com\/plugins\/video.php?href=https%3A%2F%2Fwww.facebook.com%2F1019633624759961%2Fvideos%2F1020847201305270%2F&amp;show_text=0&amp;width=560\" width=\"560\" height=\"315\" frameborder=\"0\" scrolling=\"no\" allowfullscreen=\"allowfullscreen\"><\/iframe><\/p>\r\n<p><font color=\"#3366FF\"><font size=\"6\"><b><font size=\"5\">Rese\u00f1a por Jos\u00e9 Eugenio L\u00f3pez Garc\u00eda<\/font><\/b><\/font><\/font><\/p>\r\n<p><font color=\"#0000FF\"><font size=\"6\"><b><font size=\"5\"> II Jornada Internacional: Enfermedades Respiratorias y su tratamiento homeop\u00e1tico<\/font><\/b><\/font><\/font><\/p>\r\n<p class=\"western\" align=\"justify\">El s\u00e1bado 16 de Junio, en el Palacete del Hospital Homeop\u00e1tico de San Jos\u00e9 de Madrid tuvimos un encuentro de estudio, m\u00e9dicos y veterinarios home\u00f3patas de distintas procedencias y diferentes escuelas compartimos casos cl\u00ednicos, analizamos y discutimos y aprendimos modos diferentes de tratar con el mismo m\u00e9todo y el mismo principio de curaci\u00f3n.<\/p>\r\n<p class=\"western\" align=\"justify\">Hace muchos a\u00f1os, algunos, ten\u00edamos en mente esta forma de compartir, de aprender todos de todos, en situaci\u00f3n de igualdad, sin tarimas ni peanas. Los m\u00e1s j\u00f3venes en la adquisici\u00f3n del m\u00e9todo recibir\u00e1n as\u00ed una informaci\u00f3n mayor, los que llevamos a\u00f1os de recorrido recibimos nuevos acercamientos, nuevas formas de hacer. Y todos acrecentamos nuestra biblioteca de conocimiento. Y as\u00ed podemos hacer frente a la enfermedad con mejor y mayor preparaci\u00f3n.<\/p>\r\n<p class=\"western\" align=\"justify\">En el aprendizaje del m\u00e9todo homeop\u00e1tico, como en cualquier rama del saber, el estudio no se termina nunca al ser la terap\u00e9utica una permanente obra inacabada. La II Jornada ha sido una nuevo impulso para quienes compartimos esta idea. Cada uno de nosotros tiene algo que aportar y juntos sumamos y si seguimos as\u00ed nuestro m\u00e9todo ganar\u00e1 porque se trata de un conocimiento cierto. Juntos, compartiendo el quehacer diario, somos m\u00e1s fuertes. Un agradecimiento inmenso a los home\u00f3patas que dedicaron su trabajo y tiempo al desarrollo de \u00e9sta jornada.<\/p>\r\n<p>&nbsp;<\/p>\r\n<h4 style=\"text-align: center;\"><a href=\"http:\/\/www.academiadehomeopatia.es\/wp-content\/uploads\/2016\/05\/Cuadernos-Homeopat\u00eda-n\u00famero-2-2017a.pdf\" target=\"_blank\" rel=\"noopener noreferrer\"><span style=\"color: #993300;\">Nuevo N\u00famero de Cuadernos de Homeopat\u00eda:<\/span><\/a><\/h4>\r\n<h5 style=\"text-align: justify;\">\u00a0<a href=\"http:\/\/www.academiadehomeopatia.es\/wp-content\/uploads\/2016\/05\/Cuadernos-Homeopat\u00eda-n\u00famero-2-2017a.pdf\" target=\"_blank\" rel=\"noopener noreferrer\"><img loading=\"lazy\" class=\"aligncenter wp-image-861 size-medium\" src=\"http:\/\/www.academiadehomeopatia.es\/wp-content\/uploads\/2016\/05\/Portada-212x300.jpg\" alt=\"\" width=\"212\" height=\"300\" srcset=\"http:\/\/www.academiadehomeopatia.es\/wp-content\/uploads\/2016\/05\/Portada-212x300.jpg 212w, http:\/\/www.academiadehomeopatia.es\/wp-content\/uploads\/2016\/05\/Portada.jpg 468w\" sizes=\"(max-width: 212px) 100vw, 212px\" \/><\/a><\/h5>\r\n<h5 style=\"text-align: center;\">\u00a0<a href=\"http:\/\/www.academiadehomeopatia.es\/wp-content\/uploads\/2016\/05\/ASISTIMOS-A-UN-NACIMIENTO-CUADERNOS-DE-HOMEOPAT\u00cdA.pdf\" target=\"_blank\" rel=\"noopener noreferrer\">Asistimos a un nacimiento:<\/a><\/h5>\r\n<h2 style=\"text-align: center;\"><a href=\"http:\/\/www.academiadehomeopatia.es\/wp-content\/uploads\/2016\/05\/Cuadernos-Homeopat\u00eda-n\u00famero-1-2017.pdf\" target=\"_blank\" rel=\"noopener noreferrer\"><span style=\"color: #0000ff;\">\u00abCuadernos de Homeopat\u00eda\u00bb<\/span><\/a><\/h2>\r\n<h6 style=\"text-align: center;\">Con vocaci\u00f3n de servicio&#8230; un espacio para nuestro lugar de encuentro.<\/h6>\r\n<p><a href=\"http:\/\/www.academiadehomeopatia.es\/wp-content\/uploads\/2016\/05\/Cuadernos-Homeopat\u00eda-n\u00famero-1-2017.pdf\" target=\"_blank\" rel=\"noopener noreferrer\"><img loading=\"lazy\" class=\"aligncenter wp-image-804 size-medium\" src=\"http:\/\/www.academiadehomeopatia.es\/wp-content\/uploads\/2016\/06\/Cuadernos-de-homeopat\u00eda-I-portada-213x300.jpg\" alt=\"\" width=\"213\" height=\"300\" srcset=\"http:\/\/www.academiadehomeopatia.es\/wp-content\/uploads\/2016\/06\/Cuadernos-de-homeopat\u00eda-I-portada-213x300.jpg 213w, http:\/\/www.academiadehomeopatia.es\/wp-content\/uploads\/2016\/06\/Cuadernos-de-homeopat\u00eda-I-portada.jpg 549w\" sizes=\"(max-width: 213px) 100vw, 213px\" \/><\/a><\/p>\r\n<h6 style=\"text-align: center;\">Para compartir y crecer juntos.<\/h6>\r\n<h5 style=\"text-align: center;\">\u00a0<\/h5>\r\n<h5 style=\"text-align: center;\">Celebrada con gran \u00e9xito la<span style=\"color: #0000ff;\"><strong> I Jornada Internacional de Homeopat\u00eda: Enfermedades Autoinmunes y Homeopat\u00eda. <\/strong><\/span><\/h5>\r\n<h5 style=\"text-align: center;\">El Dr. D. Ricardo B\u00e1rcena G\u00f3mez nos hace su \u00abRelato\u00bb:<\/h5>\r\n<h5>\u00a0<a href=\"http:\/\/www.academiadehomeopatia.es\/wp-content\/uploads\/2016\/06\/RELATO-DE-UN-VIAJE-A-MADRID.pdf\" target=\"_blank\" rel=\"noopener noreferrer\">Relato de un viaje a Madrid<\/a><\/h5>\r\n<h5><a href=\"http:\/\/www.academiadehomeopatia.es\/wp-content\/uploads\/2016\/05\/I-JORNADA-INTERNACIONAL-ENFERMEDADES-AUTOINMUNES-ACADEMIA-DE-HOMEOPATIA-Pequen\u00deo.mov\" target=\"_blank\" rel=\"noopener noreferrer\">I JORNADA INTERNACIONAL. Video de presentaci\u00f3n<\/a><\/h5>\r\n<h5><img loading=\"lazy\" class=\"alignnone size-full wp-image-516\" src=\"http:\/\/www.academiadehomeopatia.es\/wp-content\/uploads\/2016\/06\/Design.png\" alt=\"\" width=\"1024\" height=\"768\" srcset=\"http:\/\/www.academiadehomeopatia.es\/wp-content\/uploads\/2016\/06\/Design.png 1024w, http:\/\/www.academiadehomeopatia.es\/wp-content\/uploads\/2016\/06\/Design-300x225.png 300w, http:\/\/www.academiadehomeopatia.es\/wp-content\/uploads\/2016\/06\/Design-768x576.png 768w\" sizes=\"(max-width: 1024px) 100vw, 1024px\" \/><\/h5>\r\n<h5>\u00a0<\/h5>\r\n<p>Carta abierta:<\/p>\r\n<p><a href=\"http:\/\/www.academiadehomeopatia.es\/wp-content\/uploads\/2016\/06\/Academia-de-Homeopat\u00eda-Presentaci\u00f3n.pdf\" target=\"_blank\" rel=\"noopener noreferrer\">Academia de Homeopat\u00eda Presentaci\u00f3n<\/a><\/p>\r\n\r\n<figure class=\"wp-block-image\"><img alt=\"\" \/><\/figure>\r\n\r\n\r\n\r\n<p>&nbsp;<\/p>\r\n","protected":false},"excerpt":{"rendered":"<p>\u00a0 \u00a0 \u00a0 \u00a0 \u00a0 Seminario en Benidorm: Potencias LM\u00a0 \u00a0 \u00a0 \u00a0 \u00a0 \u00a0 \u00a0 \u00a0 \u00a0 \u00a0 \u00a0 \u00a0 \u00a0 \u00a0 \u00a0 \u00a0 \u00a0 \u00a0 \u00a0 \u00a0 \u00a0 \u00a0 \u00a0 \u00a0 \u00a0 \u00a0 \u00a0 \u00a0 \u00a0 \u00a0 \u00a0 \u00a0 \u00a0 \u00a0 \u00a0 \u00a0 \u00a0 \u00a0 \u00a0 \u00a0 \u00a0 \u00a0 \u00a0 \u00a0 \u00a0 \u00a0 &hellip; <a href=\"http:\/\/www.academiadehomeopatia.es\/index.php\/noticias\/\" class=\"more-link\">Sigue leyendo <span class=\"screen-reader-text\">Noticias<\/span> <span class=\"meta-nav\">&rarr;<\/span><\/a><\/p>\n","protected":false},"author":1,"featured_media":0,"parent":0,"menu_order":3,"comment_status":"closed","ping_status":"closed","template":"","meta":{"spay_email":""},"jetpack_sharing_enabled":true,"jetpack_shortlink":"https:\/\/wp.me\/P9FoSk-H","_links":{"self":[{"href":"http:\/\/www.academiadehomeopatia.es\/index.php\/wp-json\/wp\/v2\/pages\/43"}],"collection":[{"href":"http:\/\/www.academiadehomeopatia.es\/index.php\/wp-json\/wp\/v2\/pages"}],"about":[{"href":"http:\/\/www.academiadehomeopatia.es\/index.php\/wp-json\/wp\/v2\/types\/page"}],"author":[{"embeddable":true,"href":"http:\/\/www.academiadehomeopatia.es\/index.php\/wp-json\/wp\/v2\/users\/1"}],"replies":[{"embeddable":true,"href":"http:\/\/www.academiadehomeopatia.es\/index.php\/wp-json\/wp\/v2\/comments?post=43"}],"version-history":[{"count":105,"href":"http:\/\/www.academiadehomeopatia.es\/index.php\/wp-json\/wp\/v2\/pages\/43\/revisions"}],"predecessor-version":[{"id":1987,"href":"http:\/\/www.academiadehomeopatia.es\/index.php\/wp-json\/wp\/v2\/pages\/43\/revisions\/1987"}],"wp:attachment":[{"href":"http:\/\/www.academiadehomeopatia.es\/index.php\/wp-json\/wp\/v2\/media?parent=43"}],"curies":[{"name":"wp","href":"https:\/\/api.w.org\/{rel}","templated":true}]}}